{"id":1370,"date":"2022-03-29T15:15:15","date_gmt":"2022-03-29T18:15:15","guid":{"rendered":"https:\/\/ciperj.org\/jornada\/?page_id=1370"},"modified":"2026-03-28T12:20:54","modified_gmt":"2026-03-28T15:20:54","slug":"faca-sua-inscricao","status":"publish","type":"page","link":"https:\/\/ciperj.org\/jornada\/faca-sua-inscricao\/","title":{"rendered":"Fa\u00e7a sua inscri\u00e7\u00e3o"},"content":{"rendered":"<p><img loading=\"lazy\" decoding=\"async\" class=\"aligncenter size-full wp-image-2053\" src=\"https:\/\/ciperj.org\/jornada\/wp-content\/uploads\/2026\/03\/inscricao_jornada_2026_abril.jpg\" alt=\"\" width=\"900\" height=\"550\" srcset=\"https:\/\/ciperj.org\/jornada\/wp-content\/uploads\/2026\/03\/inscricao_jornada_2026_abril.jpg 900w, https:\/\/ciperj.org\/jornada\/wp-content\/uploads\/2026\/03\/inscricao_jornada_2026_abril-300x183.jpg 300w, https:\/\/ciperj.org\/jornada\/wp-content\/uploads\/2026\/03\/inscricao_jornada_2026_abril-768x469.jpg 768w\" sizes=\"auto, (max-width: 900px) 100vw, 900px\" \/><\/p>\n<p><span style=\"color: #333399;\"><strong>S\u00d3CIOS QUITES CIPERJ<\/strong><\/span><\/p>\n<ul>\n<li><a href=\"https:\/\/ciperj.org\/jornada\/faca-sua-inscricao\/inscricao-socio-quite-ciperj\/\">fa\u00e7a sua inscri\u00e7\u00e3o<\/a><\/li>\n<\/ul>\n<p><span style=\"color: #008080;\"><strong>S\u00d3CIOS QUITES SOPERJ<\/strong><\/span><\/p>\n<ul>\n<li><a href=\"https:\/\/ciperj.org\/jornada\/faca-sua-inscricao\/inscricao-socio-quite-soperj\/\">fa\u00e7a sua inscri\u00e7\u00e3o<\/a><\/li>\n<\/ul>\n<p><span style=\"color: #000080;\"><strong>S\u00d3CIOS QUITES CIPE E CBC<\/strong><\/span><\/p>\n<ul>\n<li><a href=\"https:\/\/ciperj.org\/jornada\/faca-sua-inscricao\/inscricao-socio-quite-cipe\/\">fa\u00e7a sua inscri\u00e7\u00e3o<\/a><\/li>\n<\/ul>\n<p><span style=\"color: #008000;\"><strong>N\u00c3O S\u00d3CIOS OU N\u00c3O QUITES<\/strong><\/span><\/p>\n<ul>\n<li><a href=\"https:\/\/ciperj.org\/jornada\/faca-sua-inscricao\/inscricao-nao-quites-ou-nao-socios\/\">fa\u00e7a sua inscri\u00e7\u00e3o<\/a><\/li>\n<\/ul>\n<p><span style=\"color: #0000ff;\"><strong>RESIDENTES M\u00c9DICOS<\/strong><\/span><\/p>\n<ul>\n<li><a href=\"https:\/\/ciperj.org\/jornada\/faca-sua-inscricao\/inscricao-residentes-de-cirurgia-pediatrica\/\">fa\u00e7a sua inscri\u00e7\u00e3o<\/a><\/li>\n<\/ul>\n<p><span style=\"color: #3366ff;\"><strong>PROFISSIONAIS DA SA\u00daDE<\/strong><\/span><\/p>\n<ul>\n<li><a href=\"https:\/\/ciperj.org\/jornada\/faca-sua-inscricao\/inscricao-profissional-da-saude\/\">fa\u00e7a sua inscri\u00e7\u00e3o<\/a><\/li>\n<\/ul>\n<p><strong><span style=\"color: #339966;\">ACAD\u00caMICOS DE MEDICINA<\/span><\/strong><\/p>\n<ul>\n<li><a href=\"https:\/\/ciperj.org\/jornada\/faca-sua-inscricao\/inscricao-academicos-de-medicina\/\">fa\u00e7a sua inscri\u00e7\u00e3o<\/a><\/li>\n<\/ul>\n","protected":false},"excerpt":{"rendered":"<p>S\u00d3CIOS QUITES CIPERJ fa\u00e7a sua inscri\u00e7\u00e3o S\u00d3CIOS QUITES SOPERJ fa\u00e7a sua inscri\u00e7\u00e3o S\u00d3CIOS QUITES CIPE E CBC fa\u00e7a sua inscri\u00e7\u00e3o N\u00c3O S\u00d3CIOS OU N\u00c3O QUITES fa\u00e7a sua inscri\u00e7\u00e3o RESIDENTES M\u00c9DICOS fa\u00e7a sua inscri\u00e7\u00e3o PROFISSIONAIS DA SA\u00daDE fa\u00e7a sua inscri\u00e7\u00e3o ACAD\u00caMICOS DE MEDICINA fa\u00e7a sua inscri\u00e7\u00e3o<\/p>\n","protected":false},"author":1,"featured_media":0,"parent":0,"menu_order":0,"comment_status":"closed","ping_status":"closed","template":"templates\/template-page-full-width.php","meta":{"footnotes":""},"class_list":["post-1370","page","type-page","status-publish","hentry"],"_links":{"self":[{"href":"https:\/\/ciperj.org\/jornada\/wp-json\/wp\/v2\/pages\/1370","targetHints":{"allow":["GET"]}}],"collection":[{"href":"https:\/\/ciperj.org\/jornada\/wp-json\/wp\/v2\/pages"}],"about":[{"href":"https:\/\/ciperj.org\/jornada\/wp-json\/wp\/v2\/types\/page"}],"author":[{"embeddable":true,"href":"https:\/\/ciperj.org\/jornada\/wp-json\/wp\/v2\/users\/1"}],"replies":[{"embeddable":true,"href":"https:\/\/ciperj.org\/jornada\/wp-json\/wp\/v2\/comments?post=1370"}],"version-history":[{"count":28,"href":"https:\/\/ciperj.org\/jornada\/wp-json\/wp\/v2\/pages\/1370\/revisions"}],"predecessor-version":[{"id":2054,"href":"https:\/\/ciperj.org\/jornada\/wp-json\/wp\/v2\/pages\/1370\/revisions\/2054"}],"wp:attachment":[{"href":"https:\/\/ciperj.org\/jornada\/wp-json\/wp\/v2\/media?parent=1370"}],"curies":[{"name":"wp","href":"https:\/\/api.w.org\/{rel}","templated":true}]}}