{"id":1372,"date":"2022-03-29T15:15:29","date_gmt":"2022-03-29T18:15:29","guid":{"rendered":"https:\/\/ciperj.org\/jornada\/?page_id=1372"},"modified":"2025-11-17T16:46:57","modified_gmt":"2025-11-17T19:46:57","slug":"a-jornada","status":"publish","type":"page","link":"https:\/\/ciperj.org\/jornada\/a-jornada\/","title":{"rendered":"A Jornada"},"content":{"rendered":"<p><img loading=\"lazy\" decoding=\"async\" class=\"aligncenter wp-image-1781 size-medium\" src=\"https:\/\/ciperj.org\/jornada\/wp-content\/uploads\/2025\/02\/logo_jornada_8_edicao_site-300x63.jpg\" alt=\"\" width=\"300\" height=\"63\" srcset=\"https:\/\/ciperj.org\/jornada\/wp-content\/uploads\/2025\/02\/logo_jornada_8_edicao_site-300x63.jpg 300w, https:\/\/ciperj.org\/jornada\/wp-content\/uploads\/2025\/02\/logo_jornada_8_edicao_site-1024x214.jpg 1024w, https:\/\/ciperj.org\/jornada\/wp-content\/uploads\/2025\/02\/logo_jornada_8_edicao_site-768x160.jpg 768w, https:\/\/ciperj.org\/jornada\/wp-content\/uploads\/2025\/02\/logo_jornada_8_edicao_site-1536x320.jpg 1536w, https:\/\/ciperj.org\/jornada\/wp-content\/uploads\/2025\/02\/logo_jornada_8_edicao_site-2048x427.jpg 2048w\" sizes=\"auto, (max-width: 300px) 100vw, 300px\" \/><\/p>\n<p>A Jornada Carioca de Cirurgia Pedi\u00e1trica ocorre a cada dois anos e \u00e9 organizada pela Associa\u00e7\u00e3o de Cirurgia Pedi\u00e1trica do Estado do Rio de Janeiro.<\/p>\n<p>O evento j\u00e1 ocorreu nos audit\u00f3rios do Hospital Rios D\u00b4Or, em Jacarepagu\u00e1, da Casa de Sa\u00fade S\u00e3o Jos\u00e9, no Humait\u00e1, do Ircad-Rio e do centro m\u00e9dico do BarraShopping, na Barra da Tijuca, e do Cremerj, em Botafogo.<\/p>\n<p>A nossa 8\u00aa edi\u00e7\u00e3o ser\u00e1 no hotel Prodigy Santos Dumont, localizado no Shopping Bossa Nova Mall, que fica anexo ao aeroporto Santos Dumont.<\/p>\n<p>Contamos com a presen\u00e7a de voc\u00eas. Teremos uma programa\u00e7\u00e3o cient\u00edfica bastante diversificada, focando no debate.<\/p>\n<p style=\"text-align: left;\">Nos vemos l\u00e1!<\/p>\n<p style=\"text-align: center;\"><strong>DATAS:<\/strong> 13 a 15 de maio de 2026 (quarta a sexta-feira)<br \/>\n<strong>LOCAL:<\/strong> Hotel Prodigy Santos Dumont (<a href=\"https:\/\/maps.app.goo.gl\/zQwUdMB9PsAGSXBV9\">saiba como chegar<\/a>)<\/p>\n<p><img loading=\"lazy\" decoding=\"async\" class=\"aligncenter size-full wp-image-1921\" src=\"https:\/\/ciperj.org\/jornada\/wp-content\/uploads\/2025\/11\/prodigy2.jpg\" alt=\"\" width=\"1890\" height=\"551\" srcset=\"https:\/\/ciperj.org\/jornada\/wp-content\/uploads\/2025\/11\/prodigy2.jpg 1890w, https:\/\/ciperj.org\/jornada\/wp-content\/uploads\/2025\/11\/prodigy2-300x87.jpg 300w, https:\/\/ciperj.org\/jornada\/wp-content\/uploads\/2025\/11\/prodigy2-1024x299.jpg 1024w, https:\/\/ciperj.org\/jornada\/wp-content\/uploads\/2025\/11\/prodigy2-768x224.jpg 768w, https:\/\/ciperj.org\/jornada\/wp-content\/uploads\/2025\/11\/prodigy2-1536x448.jpg 1536w\" sizes=\"auto, (max-width: 1890px) 100vw, 1890px\" \/><\/p>\n","protected":false},"excerpt":{"rendered":"<p>A Jornada Carioca de Cirurgia Pedi\u00e1trica ocorre a cada dois anos e \u00e9 organizada pela Associa\u00e7\u00e3o de Cirurgia Pedi\u00e1trica do Estado do Rio de Janeiro. O evento j\u00e1 ocorreu nos audit\u00f3rios do Hospital Rios D\u00b4Or, em Jacarepagu\u00e1, da Casa de Sa\u00fade S\u00e3o Jos\u00e9, no Humait\u00e1, do Ircad-Rio e do centro m\u00e9dico do BarraShopping, na Barra [&hellip;]<\/p>\n","protected":false},"author":1,"featured_media":0,"parent":0,"menu_order":0,"comment_status":"closed","ping_status":"closed","template":"templates\/template-page-full-width.php","meta":{"footnotes":""},"class_list":["post-1372","page","type-page","status-publish","hentry"],"_links":{"self":[{"href":"https:\/\/ciperj.org\/jornada\/wp-json\/wp\/v2\/pages\/1372","targetHints":{"allow":["GET"]}}],"collection":[{"href":"https:\/\/ciperj.org\/jornada\/wp-json\/wp\/v2\/pages"}],"about":[{"href":"https:\/\/ciperj.org\/jornada\/wp-json\/wp\/v2\/types\/page"}],"author":[{"embeddable":true,"href":"https:\/\/ciperj.org\/jornada\/wp-json\/wp\/v2\/users\/1"}],"replies":[{"embeddable":true,"href":"https:\/\/ciperj.org\/jornada\/wp-json\/wp\/v2\/comments?post=1372"}],"version-history":[{"count":11,"href":"https:\/\/ciperj.org\/jornada\/wp-json\/wp\/v2\/pages\/1372\/revisions"}],"predecessor-version":[{"id":1927,"href":"https:\/\/ciperj.org\/jornada\/wp-json\/wp\/v2\/pages\/1372\/revisions\/1927"}],"wp:attachment":[{"href":"https:\/\/ciperj.org\/jornada\/wp-json\/wp\/v2\/media?parent=1372"}],"curies":[{"name":"wp","href":"https:\/\/api.w.org\/{rel}","templated":true}]}}

<p><img loading="lazy" decoding="async" class="aligncenter wp-image-1781 size-medium" src="https://ciperj.org/jornada/wp-content/uploads/2025/02/logo_jornada_8_edicao_site-300x63.jpg" alt="" width="300" height="63" srcset="https://ciperj.org/jornada/wp-content/uploads/2025/02/logo_jornada_8_edicao_site-300x63.jpg 300w, https://ciperj.org/jornada/wp-content/uploads/2025/02/logo_jornada_8_edicao_site-1024x214.jpg 1024w, https://ciperj.org/jornada/wp-content/uploads/2025/02/logo_jornada_8_edicao_site-768x160.jpg 768w, https://ciperj.org/jornada/wp-content/uploads/2025/02/logo_jornada_8_edicao_site-1536x320.jpg 1536w, https://ciperj.org/jornada/wp-content/uploads/2025/02/logo_jornada_8_edicao_site-2048x427.jpg 2048w" sizes="auto, (max-width: 300px) 100vw, 300px" /></p>
<p>A Jornada Carioca de Cirurgia Pediátrica ocorre a cada dois anos e é organizada pela Associação de Cirurgia Pediátrica do Estado do Rio de Janeiro.</p>
<p>O evento já ocorreu nos auditórios do Hospital Rios D´Or, em Jacarepaguá, da Casa de Saúde São José, no Humaitá, do Ircad-Rio e do centro médico do BarraShopping, na Barra da Tijuca, e do Cremerj, em Botafogo.</p>
<p>A nossa 8ª edição será no hotel Prodigy Santos Dumont, localizado no Shopping Bossa Nova Mall, que fica anexo ao aeroporto Santos Dumont.</p>
<p>Contamos com a presença de vocês. Teremos uma programação científica bastante diversificada, focando no debate.</p>
<p style="text-align: left;">Nos vemos lá!</p>
<p style="text-align: center;"><strong>DATAS:</strong> 13 a 15 de maio de 2026 (quarta a sexta-feira)<br />
<strong>LOCAL:</strong> Hotel Prodigy Santos Dumont (<a href="https://maps.app.goo.gl/zQwUdMB9PsAGSXBV9">saiba como chegar</a>)</p>
<p><img loading="lazy" decoding="async" class="aligncenter size-full wp-image-1921" src="https://ciperj.org/jornada/wp-content/uploads/2025/11/prodigy2.jpg" alt="" width="1890" height="551" srcset="https://ciperj.org/jornada/wp-content/uploads/2025/11/prodigy2.jpg 1890w, https://ciperj.org/jornada/wp-content/uploads/2025/11/prodigy2-300x87.jpg 300w, https://ciperj.org/jornada/wp-content/uploads/2025/11/prodigy2-1024x299.jpg 1024w, https://ciperj.org/jornada/wp-content/uploads/2025/11/prodigy2-768x224.jpg 768w, https://ciperj.org/jornada/wp-content/uploads/2025/11/prodigy2-1536x448.jpg 1536w" sizes="auto, (max-width: 1890px) 100vw, 1890px" /></p>

<p>A Jornada Carioca de Cirurgia Pediátrica ocorre a cada dois anos e é organizada pela Associação de Cirurgia Pediátrica do Estado do Rio de Janeiro. O evento já ocorreu nos auditórios do Hospital Rios D´Or, em Jacarepaguá, da Casa de Saúde São José, no Humaitá, do Ircad-Rio e do centro médico do BarraShopping, na Barra [&hellip;]</p>
