{"id":1374,"date":"2022-03-29T15:15:47","date_gmt":"2022-03-29T18:15:47","guid":{"rendered":"https:\/\/ciperj.org\/jornada\/?page_id=1374"},"modified":"2025-11-17T15:39:49","modified_gmt":"2025-11-17T18:39:49","slug":"local-do-evento","status":"publish","type":"page","link":"https:\/\/ciperj.org\/jornada\/local-do-evento\/","title":{"rendered":"Local do evento"},"content":{"rendered":"<p><img loading=\"lazy\" decoding=\"async\" class=\"aligncenter size-full wp-image-1921\" src=\"https:\/\/ciperj.org\/jornada\/wp-content\/uploads\/2025\/11\/prodigy2.jpg\" alt=\"\" width=\"1890\" height=\"551\" srcset=\"https:\/\/ciperj.org\/jornada\/wp-content\/uploads\/2025\/11\/prodigy2.jpg 1890w, https:\/\/ciperj.org\/jornada\/wp-content\/uploads\/2025\/11\/prodigy2-300x87.jpg 300w, https:\/\/ciperj.org\/jornada\/wp-content\/uploads\/2025\/11\/prodigy2-1024x299.jpg 1024w, https:\/\/ciperj.org\/jornada\/wp-content\/uploads\/2025\/11\/prodigy2-768x224.jpg 768w, https:\/\/ciperj.org\/jornada\/wp-content\/uploads\/2025\/11\/prodigy2-1536x448.jpg 1536w\" sizes=\"auto, (max-width: 1890px) 100vw, 1890px\" \/><\/p>\n<p style=\"text-align: center;\"><strong>HOTEL PRODIGY SANTOS DUMONT<\/strong><br \/>\nAv. Alm. Silvio de Noronha, 365 &#8211; Centro, Rio de Janeiro &#8211; RJ (<a href=\"https:\/\/maps.app.goo.gl\/zQwUdMB9PsAGSXBV9\" target=\"_blank\" rel=\"noopener\">saiba como chegar<\/a>)<\/p>\n<p>O hotel Prodigy Santos Dumont est\u00e1 localizado no Shopping Bossa Nova Mall, que fica anexo ao aeroporto.<\/p>\n<p>Bem em frente \u00e0 Ba\u00eda de Guanabara, o hotel t\u00eam vista para alguns dos maiores \u00edcones do turismo carioca, a Marina da Gl\u00f3ria, P\u00e3o de A\u00e7\u00facar e o Cristo Redentor. Os quartos s\u00e3o modernos, aconchegantes e espa\u00e7osos e o centro de conven\u00e7\u00f5es conta com todas facilidades para nossos convidados e congressistas.<\/p>\n<p><a href=\"https:\/\/www.grupowish.com\/prodigy-santos-dumont-by-wish\" target=\"_blank\" rel=\"noopener\">FA\u00c7A SUA RESERVA NO HOTEL<\/a><\/p>\n<p style=\"text-align: center;\">\n","protected":false},"excerpt":{"rendered":"<p>HOTEL PRODIGY SANTOS DUMONT Av. Alm. Silvio de Noronha, 365 &#8211; Centro, Rio de Janeiro &#8211; RJ (saiba como chegar) O hotel Prodigy Santos Dumont est\u00e1 localizado no Shopping Bossa Nova Mall, que fica anexo ao aeroporto. Bem em frente \u00e0 Ba\u00eda de Guanabara, o hotel t\u00eam vista para alguns dos maiores \u00edcones do turismo [&hellip;]<\/p>\n","protected":false},"author":1,"featured_media":0,"parent":0,"menu_order":0,"comment_status":"closed","ping_status":"closed","template":"templates\/template-page-full-width.php","meta":{"footnotes":""},"class_list":["post-1374","page","type-page","status-publish","hentry"],"_links":{"self":[{"href":"https:\/\/ciperj.org\/jornada\/wp-json\/wp\/v2\/pages\/1374","targetHints":{"allow":["GET"]}}],"collection":[{"href":"https:\/\/ciperj.org\/jornada\/wp-json\/wp\/v2\/pages"}],"about":[{"href":"https:\/\/ciperj.org\/jornada\/wp-json\/wp\/v2\/types\/page"}],"author":[{"embeddable":true,"href":"https:\/\/ciperj.org\/jornada\/wp-json\/wp\/v2\/users\/1"}],"replies":[{"embeddable":true,"href":"https:\/\/ciperj.org\/jornada\/wp-json\/wp\/v2\/comments?post=1374"}],"version-history":[{"count":10,"href":"https:\/\/ciperj.org\/jornada\/wp-json\/wp\/v2\/pages\/1374\/revisions"}],"predecessor-version":[{"id":1924,"href":"https:\/\/ciperj.org\/jornada\/wp-json\/wp\/v2\/pages\/1374\/revisions\/1924"}],"wp:attachment":[{"href":"https:\/\/ciperj.org\/jornada\/wp-json\/wp\/v2\/media?parent=1374"}],"curies":[{"name":"wp","href":"https:\/\/api.w.org\/{rel}","templated":true}]}}